{"id":9,"date":"2019-11-16T20:11:23","date_gmt":"2019-11-16T19:11:23","guid":{"rendered":"http:\/\/swiatwedlugmaluszka.pl\/?page_id=9"},"modified":"2020-07-14T16:55:22","modified_gmt":"2020-07-14T14:55:22","slug":"o-nas","status":"publish","type":"page","link":"https:\/\/swiatwedlugmaluszka.pl\/index.php\/o-nas\/","title":{"rendered":"O NAS"},"content":{"rendered":"\t\t<div data-elementor-type=\"wp-page\" data-elementor-id=\"9\" class=\"elementor elementor-9\" data-elementor-post-type=\"page\">\n\t\t\t\t\t\t<section class=\"elementor-section elementor-top-section elementor-element elementor-element-2322236 elementor-section-height-min-height elementor-section-stretched elementor-section-boxed elementor-section-height-default elementor-section-items-middle\" data-id=\"2322236\" data-element_type=\"section\" data-e-type=\"section\" data-settings=\"{&quot;background_background&quot;:&quot;gradient&quot;,&quot;stretch_section&quot;:&quot;section-stretched&quot;}\">\n\t\t\t\t\t\t\t<div class=\"elementor-background-overlay\"><\/div>\n\t\t\t\t\t\t\t<div class=\"elementor-container elementor-column-gap-default\">\n\t\t\t\t\t<div class=\"elementor-column elementor-col-100 elementor-top-column elementor-element elementor-element-aea6388\" data-id=\"aea6388\" data-element_type=\"column\" data-e-type=\"column\">\n\t\t\t<div class=\"elementor-widget-wrap\">\n\t\t\t\t\t\t\t<\/div>\n\t\t<\/div>\n\t\t\t\t\t<\/div>\n\t\t<\/section>\n\t\t\t\t<section class=\"elementor-section elementor-top-section elementor-element elementor-element-27b3c2e elementor-section-full_width elementor-section-height-min-height elementor-section-items-stretch elementor-section-content-middle elementor-section-stretched elementor-section-height-default\" data-id=\"27b3c2e\" data-element_type=\"section\" data-e-type=\"section\" data-settings=\"{&quot;stretch_section&quot;:&quot;section-stretched&quot;}\">\n\t\t\t\t\t\t<div class=\"elementor-container elementor-column-gap-no\">\n\t\t\t\t\t<div class=\"elementor-column elementor-col-100 elementor-top-column elementor-element elementor-element-524b66b2\" data-id=\"524b66b2\" data-element_type=\"column\" data-e-type=\"column\" data-settings=\"{&quot;background_background&quot;:&quot;classic&quot;,&quot;animation&quot;:&quot;none&quot;}\">\n\t\t\t<div class=\"elementor-widget-wrap elementor-element-populated\">\n\t\t\t\t\t\t<div class=\"elementor-element elementor-element-7bbb4f34 elementor-invisible elementor-widget elementor-widget-heading\" data-id=\"7bbb4f34\" data-element_type=\"widget\" data-e-type=\"widget\" data-settings=\"{&quot;_animation&quot;:&quot;fadeInRight&quot;}\" data-widget_type=\"heading.default\">\n\t\t\t\t<div class=\"elementor-widget-container\">\n\t\t\t\t\t<h4 class=\"elementor-heading-title elementor-size-default\">O Nas<\/h4>\t\t\t\t<\/div>\n\t\t\t\t<\/div>\n\t\t\t\t<div class=\"elementor-element elementor-element-7202836d elementor-invisible elementor-widget elementor-widget-text-editor\" data-id=\"7202836d\" data-element_type=\"widget\" data-e-type=\"widget\" data-settings=\"{&quot;_animation&quot;:&quot;fadeInRight&quot;}\" data-widget_type=\"text-editor.default\">\n\t\t\t\t<div class=\"elementor-widget-container\">\n\t\t\t\t\t\t\t\t\t<p>\u00a0<\/p><p>\u017b\u0142obek \u201e\u015awiat Wed\u0142ug Maluszka\u201d jest miejscem szczeg\u00f3lnym dla naszych wychowank\u00f3w, kt\u00f3rzy w\u0142a\u015bnie tutaj prze\u017cywali swoje pierwsze zabawy z r\u00f3wie\u015bnikami, poznaj\u0105c jednocze\u015bnie otaczaj\u0105cy ich \u015bwiat. \u015awiat, kt\u00f3ry sami wsp\u00f3\u0142tworz\u0105 i odkrywaj\u0105.<\/p><p>W domowym, ale i bajkowym wn\u0119trzu nasi podopieczni uczestnicz\u0105 w zr\u00f3\u017cnicowanym programie zabaw kreatywnych, od miniwarsztat\u00f3w kulinarnych i ogrodniczych, poprzez aktywno\u015bci ruchowe, po szereg zaj\u0119\u0107 artystycznych i sensorycznych. Co wi\u0119cej, od najm\u0142odszych lat \u017cycia, dzieci ucz\u0105 si\u0119 pracy i funkcjonowania w grupie, co ma niebagatelne znaczenie w procesie socjalizacji.<\/p><p>W naszym \u015bwiecie nie ma miejsca na nud\u0119! Maluchy uwielbiaj\u0105 podr\u00f3\u017ce, te ma\u0142e i te du\u017ce. Gdy tylko aura za oknem napawa optymizmem, wyruszamy z dzie\u0107mi na wycieczki lub inne aktywno\u015bci poza \u017c\u0142obkiem.<\/p><p>Opiek\u0119 nad maluszkami sprawuj\u0105 nasze zaufane ciocie. Na pi\u0105tk\u0119 dzieciaczk\u00f3w przypada jeden opiekun. Niezmienny personel sprawia, i\u017c rodzice wracaj\u0105 do naszego \u017c\u0142obka ze swoimi kolejnymi pociechami, a nasi mali absolwenci ch\u0119tnie odwiedzaj\u0105 swoje m\u0142odsze rodze\u0144stwo, w miejscu, w kt\u00f3rym sami do niedawna prze\u017cywali mi\u0142e chwile.<\/p><p>Nasz \u017c\u0142obek opiekuje si\u0119 maluchami w wieku od 1 do 3 lat. Najm\u0142odsze dzieci bawi\u0105 si\u0119 razem ze starszakami, przez co rozw\u00f3j jest obop\u00f3lny. Przez wzajemn\u0105 obserwacj\u0119, m\u0142odsze dzieci nabywaj\u0105 nowych umiej\u0119tno\u015bci i do\u015bwiadczenia, starsi natomiast ucz\u0105 si\u0119 empatii.<\/p><p>Domowe podej\u015bcie i ciep\u0142a atmosfera, to kluczowe warto\u015bci, jakimi kierujemy si\u0119 w naszym \u017c\u0142obku. Bezpiecze\u0144stwo dzieci to nasz najwi\u0119kszy priorytet, a dobry kontakt i wspania\u0142a wsp\u00f3\u0142praca z rodzicami, sprawiaj\u0105, \u017ce maluchy uwielbiaj\u0105 wraca\u0107 do naszego \u015bwiata!<\/p>\t\t\t\t\t\t\t\t<\/div>\n\t\t\t\t<\/div>\n\t\t\t\t\t<\/div>\n\t\t<\/div>\n\t\t\t\t\t<\/div>\n\t\t<\/section>\n\t\t\t\t<\/div>\n\t\t","protected":false},"excerpt":{"rendered":"<p>O Nas \u017b\u0142obek \u201e\u015awiat Wed\u0142ug Maluszka\u201d jest miejscem szczeg\u00f3lnym dla naszych wychowank\u00f3w, kt\u00f3rzy w\u0142a\u015bnie tutaj prze\u017cywali swoje pierwsze zabawy z r\u00f3wie\u015bnikami, poznaj\u0105c jednocze\u015bnie otaczaj\u0105cy ich \u015bwiat. \u015awiat, kt\u00f3ry sami wsp\u00f3\u0142tworz\u0105 i odkrywaj\u0105. W domowym, ale i bajkowym wn\u0119trzu nasi podopieczni uczestnicz\u0105 w zr\u00f3\u017cnicowanym programie zabaw kreatywnych, od miniwarsztat\u00f3w kulinarnych i ogrodniczych, poprzez aktywno\u015bci ruchowe, po [&hellip;]<\/p>\n","protected":false},"author":1,"featured_media":0,"parent":0,"menu_order":0,"comment_status":"closed","ping_status":"closed","template":"","meta":{"footnotes":""},"class_list":["post-9","page","type-page","status-publish","hentry","entry"],"_links":{"self":[{"href":"https:\/\/swiatwedlugmaluszka.pl\/index.php\/wp-json\/wp\/v2\/pages\/9","targetHints":{"allow":["GET"]}}],"collection":[{"href":"https:\/\/swiatwedlugmaluszka.pl\/index.php\/wp-json\/wp\/v2\/pages"}],"about":[{"href":"https:\/\/swiatwedlugmaluszka.pl\/index.php\/wp-json\/wp\/v2\/types\/page"}],"author":[{"embeddable":true,"href":"https:\/\/swiatwedlugmaluszka.pl\/index.php\/wp-json\/wp\/v2\/users\/1"}],"replies":[{"embeddable":true,"href":"https:\/\/swiatwedlugmaluszka.pl\/index.php\/wp-json\/wp\/v2\/comments?post=9"}],"version-history":[{"count":32,"href":"https:\/\/swiatwedlugmaluszka.pl\/index.php\/wp-json\/wp\/v2\/pages\/9\/revisions"}],"predecessor-version":[{"id":597,"href":"https:\/\/swiatwedlugmaluszka.pl\/index.php\/wp-json\/wp\/v2\/pages\/9\/revisions\/597"}],"wp:attachment":[{"href":"https:\/\/swiatwedlugmaluszka.pl\/index.php\/wp-json\/wp\/v2\/media?parent=9"}],"curies":[{"name":"wp","href":"https:\/\/api.w.org\/{rel}","templated":true}]}}